(-4 + (-4 - -9)).
-4
Evaluate -20 + 17 - (5 - 3 - 1).
-4
Evaluate -1 - (1 + -1 + -1).
0
Evaluate -5 - (2 + (-6 - -3 - -1)).
-5
0 - (1 + (-1 - (2 - 0)))
2
What is the value of 6 - 3 - (4 + -1)?
0
Evaluate 1 + 1 + -2 - (6 + -3).
-3
Calculate 268 + -275 - (-6 - (1 - 0)).
0
What is 1 - ((-1 - 3) + 8)?
-3
What is the value of 10 - 8 - 2 - (-2 - -7)?
-5
What is the value of 0 + 1 + (-2 - -4)?
3
Calculate -2 - (5 + -8) - 4.
-3
Calculate 3 - (0 + -2 + 0) - 1.
4
Evaluate 0 + 2 + -3 + (14 - 11).
2
What is the value of 4 + (4 - 12) + 1 + 2?
-1
What is the value of -5 - (-4 + 3 - -1)?
-5
(-1 - (2 - (-3 - -1))) + -1
-6
Evaluate -3 + (-1 - 3 - -6).
-1
-3 - (5 - (4 + 1 - 5))
-8
Evaluate 4 + 1 + 3 + -2 + -4.
2
Evaluate (0 - 3) + (-6 - -13).
4
What is 9 - (-3 - (5 - 13))?
4
Calculate 19 + -26 - (0 - 7).
0
1 - (-2 - -3) - (17 + -10)
-7
0 - (-4 - (-2 + -4))
-2
-2 + 9 - 7 - (-5 + 1)
4
What is the value of 7 + (4 - 10) - (0 - -1)?
0
Calculate -1 - ((-2 - -2) + -4 - 0).
3
What is 4 + -4 + -3 - -2?
-1
What is -9 + 0 - -14 - 6?
-1
-3 + (0 - -1) - -5
3
What is the value of -1 + (-4 - (-4 + -4)) + -2?
1
What is the value of -4 - (1 - (-4 + 7))?
-2
What is (3 - -9) + -7 + -4?
1
Evaluate -3 - -11 - (2 + (0 - -2)).
4
Calculate 1 + -12 + 5 - (6 + -11).
-1
What is the value of 6 + -7 + -2 - -1?
-2
4 + 24 + -5 + -13
10
Evaluate 9 - (-9 + 18 - 7).
7
Evaluate -19 - -2 - (-14 + 4).
-7
What is 2 - (9 - (14 + -10))?
-3
Evaluate 1 + 4 + 0 - (114 + -102).
-7
What is the value of 4 + (6 + -10 - 6) + -1?
-7
Evaluate (-9 - -12) + 1 - (3 - 7).
8
What is -5 - -6 - -2 - (17 + -4)?
-10
Calculate -5 + -1 + -71 + 71 - -10.
4
5 + (4 - 6) + -3 + 6
6
Calculate (-7 - -1 - -4) + 3 + 1.
2
Calculate 3 - (4 + 1) - 0.
-2
What is 4 + -7 + 2 + -2 + -2?
-5
What is (5 - 3) + -4 + -3?
-5
What is the value of (-1 - 1) + 0 + 1 - 4?
-5
What is -3 + 0 + 6 - (-2 + -1)?
6
What is (4 - 0 - (-6 + 6)) + -9?
-5
What is the value of -2 - 0 - (-7 + 8)?
-3
What is the value of (-67 - -65) + 4 + 0 + -2?
0
Calculate -5 - (0 + 7 + -7).
-5
(-108 - -104) + -2 + 1
-5
What is the value of -15 + 9 - -11 - (2 + 0)?
3
What is -5 - 4 - (-5 - (1 - 2))?
-5
What is -8 - ((2 - 2) + (-3 - 1))?
-4
(-16 - -5) + 11 + -1
-1
What is the value of (2 - (-4 - 0)) + 0 + -1?
5
What is (-1 + -1 - 0) + 1?
-1
What is the value of -1 - ((-8 - -1) + -1 + 3)?
4
What is the value of 5 - (0 - -4 - 0)?
1
What is the value of (-2 + 4 - 2) + -5?
-5
Calculate -6 + 12 + -2 + 5 + -5.
4
Evaluate 1 - (13 - (4 + 1) - 3).
-4
Calculate 5 + -7 + 26 + -30.
-6
What is the value of 3 + (7 - (3 - -2) - -1)?
6
Evaluate (12 - 3 - 14) + (-2 - -2).
-5
What is the value of -7 + (-2 - -9 - 5) - -12?
7
Evaluate (25 - 14) + 1 + -2.
10
What is 2 - (-1 + -2 - -6)?
-1
What is the value of 3 - ((-8 - -4) + 6)?
1
(1 - -4) + (-1 - 4)
0
Evaluate 6 + (5 - 1 - 6).
4
What is the value of 4 + -9 - (5 - 13)?
3
-11 + 1 + (52 - 46)
-4
Evaluate 2 + (2 + 2 - (10 - 2)).
-2
Calculate 10 - (10 - 12) - 2.
10
3 - 8 - (3 + -7)
-1
What is the value of 1 + 5 + -3 + -3?
0
What is 7 + (7 - 5) + -6 + -6?
-3
Evaluate (0 - 0) + 0 - (6 + -10).
4
6 - 6 - (4 + -12 + 5)
3
Calculate -2 + (14 - (9 - 3)) + -11.
-5
What is the value of (4 + -8 - -7 - 1) + 3?
5
What is -2 + 6 + (127 - 126)?
5
(-6 - -3 - -3) + -8 + 5
-3
Calculate -3 - 2 - (-12 + 8).
-1
What is -8 - (-3 + (-3 + 5 - 2))?
-5
What is 8 - 1 - (68 - 67)?
6
1 + 1 + 0 + (-37 - -40)
5
What is -7 - 1 - (-7 - -1)?
-2
Evaluate (-5 + 3 - -2) + 2.
2
What is the value of 1 + (-2 - -2) - 2?
-1
What is the value of (0 - -5 - (3 + -1)) + 1?
4
What is -12 + 3 - (3 - 21)?
9
What is the value of 5 + 0 + 3 + -4?
4
Evaluate 6 - (0 + 3 + 0 - 2).
5
Evaluate (-3 - -1 - -5) + 1 + -3.
1
What is 7 - (-1 + -5 + (6 - -8))?
-1
Evaluate (-1 - -3) + -14 + 6.
-6
What is the value of 0 + 0 + 3 - -2?
5
-7 + -5 + 8 + 4
0
Calculate (6 - (7 - -2)) + 4.
1
What is the value of (2 - 1) + -8 - -5?
-2
What is the value of -3 + 1 + -31 + 35?
2
Evaluate (-5 - (4 - 9)) + 0 + 5.
5
-13 + (9 - (-12 + 9))
-1
Evaluate 0 - 7 - (-5 - -1).
-3
Calculate 5 + (2 - (0 - -7)) + -7.
-7
0 + -2 - (8 + -13)
3
1 + 5 - 5 - (4 - 0)
-3
Evaluate 0 + (0 - 5 - -3).
-2
Calculate 1 - (-6 + 10 + 8 + -4).
-7
Evaluate 10 - 8 - (0 + 9 + -1).
-6
Calculate 2 - 2 - (15 - 11).
-4
361 - 356 - (-2 - (2 + -4))
5
Evaluate (-4 - -10) + 0 + -4.
2
Calculate -2 - (-3 - -5 - 0).
-4
What is 3 - (8 + -1) - -4?
0
Calculate -1 + (-1 + (7 - 0) - 1).
4
Evaluate 17 + (-25 - -13 - -3).
8
5 - (-2 + 2 - -5)
0
2 + -5 - (-5 - 0)
2
What is the value of 1 - -2 - -3 - 1?
5
-5 - -1 - (-13 - -8) - -2
3
What is (-2 - -11) + -19 + 15?
5
Evaluate -12 + (13 - (-3 + 9)).
-5
0 - (3 - (4 + 3 + -4))
0
What is 8 - -1 - (4 + 21 + -26)?
10
11 - 5 - 3 - 6
-3
Evaluate 9 - (-1 - (4 - 10)).
4
11 + 3 + 3 + -15
2
5 - (-2 + 5 + -2)
4
What is the value of -1 + (1 - -3) + -4 + 4?
3
Calculate -1 + 12 - (-52 + 63).
0
What is the value of (-7 - -5) + 5 + -2?
1
What is -1 + -1 + 3 - (25 - 21)?
-3
Calculate (7 - 4) + (1 - 1) + -2.
1
Calculate 6 - (-1 + -3 + (7 - 0)).
3
Calculate 4 - (5 + (2 - 3)).
0
Evaluate -20 + (6 - -7) + 15.
8
What is the value of 0 - 3 - (2 - -2) - -3?
-4
Calculate (4 + 0 - -3) + -8 + 2.
1
What is (38 - 36) + (1 - (-5 - -1))?
7
-48 + 51 - (-6 - (-1 + -1))
7
What is the value of 1 + -2 + -1 + -72 + 75?
1
Calculate 2 + -2 + -5 + 3.
-2
What is (-9 - -3 - -3) + -2?
-5
Calculate -6 + 7 + (2 - 5) - -2.
0
Calculate 0 + (-1 - -2) - -2.
3
(17 - 10) + -6 + -6
-5
0 + (4 - 2) + (2 - 0)
4
4 - ((3 + -4 - 4) + 5)
4
Evaluate -1 + 8 + -15 - (1 + -2).
-7
Calculate -21 + 21 - (6 - 2) - 3.
-7
What is 0 - 1 - (15 + -12)?
-4
-14 + (-5 - ((-3 - 0) + -9))
-7
Evaluate -2 + 4 + 5 + -15 + 2.
-6
What is the value of (2 - (1 + -5)) + -1?
5
Evaluate -6 - -1 - (-17 + (-1 - -14)).
-1
What is the value of 3 - (18 + -2 - 10)?
-3
What is -49 + 42 + 9 + 3?
5
What is (-1 - -4) + 19 + -23?
-1
(-11 - 1) + (40 - 30)
-2
Evaluate 0 + (7 - -1) + (37 - 47).
-2
Evaluate 3 - (7 + -3) - 2 - 0.
-3
Calculate -6 - (2 + 1 + (-3 - 1)).
-5
-5 - (-5 - 0 - -1)
-1
Evaluate 3 - (0 + 11 + 1 + -4).
-5
What is -2 + (6 + -1 - (1 + 0))?
2
What is the value of -5 + -2 + 8 - (-7 + 5)?
3
What is (-7 - 2 - 2) + 4?
-7
8 - (6 + -2 - -2) - -6
8
What is the value of -2 - 2 - (-3 - -4)?
-5
What is the value of (121 - 123) + (0 - (3 + 0))?
-5
What is -1 - (6 + (3 - 9 - 5))?
4
Calculate -4 + 4 + (-2 - -7).
5
1 + 0 - (4 + 4 + -2)
-5
-15 - (9 + 0 - 18)
-6
What is (1 - (5 - 16 - -7)) + -5?
0
What is (2 - 6) + (2 - (0 - 1))?
-1
What is the value of (13 - 2) + (38 - 55)?
-6
Evaluate 1 - (-4 - (3 + -7)).
1
Evaluate -1 + (5 - (2 + 0 + 0)).
2
-4 - (-2 - (2 + -3 + 3))
0
What is 6 - 1 - 4 - (3 - 5)?
3
What is (13 - 10 - -2) + 1?
6
What is the value of 11 + -8 - (1 - 1)?
3
What is -3 - (-5 - 5) - (1 - -2)?
4
Calculate 8 + -4 + (-12 - -13).
5
What is -2 - (2 - 15 - (-3 - 1))?
7
(0 - (3 + 1)) + 5 + 2
3
Calculate 8 - 5 - (2 - 0 - -2).
-1
-14 + 22 - (-1 + 8)
1
What is 39 - 36 - (1 + 0)?
2
What is the value of -1 + (4 - 7) + 8?
4
0 + (1 - 0) - 3
-2
Calculate 7 + -4 + 9 + -2 - 5.
5
What is 2 + (0 - 1 - (-9 - -16))?
-6
-4 + 4 + (-12 - -5) + 4
-3
Calculate 0 - (2 - -8) - (52 + -59).
-3
What is (2 - 4) + 4 + 1?
3
0 + (3 - (2 + (4 - 5)))
2
Evaluate 2 + -10 + (-2 + 0 - -6).
-4
What is the value of 7 + -3 + -11 + (2 - 3)?
-8
Calculate (-5 - -2) + 6 - (3 + 4).
-4
Evaluate -1 + 1 - (90 - 84).
-6
Calculate 6 + -14 + 3 + 5.
0
Calculate 1 + 0 + -8 + 2.
-5
(-3 - -8) + -1 + -3 + 1
2
6 + 7 + (-8 - 6)
-1
-1 + (6 - (6 - 0))
-1
-5 + (5 - -1) + -11 + 7
-3
6 + (2 + -10 - -6)
4
Calculate 22 + -16 - (3 + 3).
0
What is the value of 28 + -19 + -3 + -9?
-3
What is the value of -3 - (4 + -5) - 1?
-3
What is -5 + (6 - (-5 + 9))?
-3
What is the value of 37 + -45 + (14 - 2)?
4
Calculate (9 - 2) + -10 + 11.
8
Evaluate -2 - (6 + -5) - (-2 + 4).
-5
What is the value of 5 - (4 - 0) - 5?
-4
What is the value of -11 - -2 - (-6 + 1)?
-4
What is the value of -21 - -18 - (-8 + -2 + 3)?
4
3 - (1 + 3 + -2 + 1)
0
Calculate -73 + 68 - (-8 - 0).
3
What is -3 + 3 - -6 - 6?
0
Evaluate (-5 - (1 + -2)) + -2 - -2.
-4
Evaluate 5 - (3 - (2 - 2) - 4).
6
What is 4 + (3 - 0) + -5?
2
3 + (-2 + -1 - 5) - 0
-5
Calculate 1 + -1 + 4 + -18 + 18.
4
What is 1 + (-2 - 5 - -4)?
-2
Evaluate -21 + 27 - ((0 - -13) + -1).
-6
What is (-2 - -6) + -1 - 0?
3
-1 - 11 - (7 + -30)
11
Calculate -59 + 54 + (2 -